{"id":121,"date":"2017-02-02T14:20:00","date_gmt":"2017-02-02T14:20:00","guid":{"rendered":"http:\/\/viewdemo.co\/insuranced\/?page_id=121"},"modified":"2023-09-13T21:04:03","modified_gmt":"2023-09-14T00:04:03","slug":"main-3","status":"publish","type":"page","link":"https:\/\/confier.com.br\/site\/","title":{"rendered":"In\u00edcio"},"content":{"rendered":"<p>[vc_row full_width=&#8221;stretch_row_content_no_spaces&#8221;][vc_column][insuranced_slider navigation=&#8221;disable&#8221; css=&#8221;.vc_custom_1493771555805{background-color: rgba(255,255,255,0.84) !important;background-position: center !important;background-repeat: no-repeat !important;background-size: cover !important;*background-color: rgb(255,255,255) !important;}&#8221;][insuranced_slider_item slide_style=&#8221;modern&#8221; slide_icon_type=&#8221;sticon&#8221; sticon=&#8221;icons8-idea&#8221; fbutton_show=&#8221;show&#8221; fb_arrow=&#8221;show&#8221; title=&#8221;Seguros Corporativos&#8221; text=&#8221;A Confier \u00e9 uma corretora especializada em gerenciamento de riscos e administra\u00e7\u00e3o de seguros para empresas.&#8221; image=&#8221;3580&#8243; tip=&#8221;Veja o que podemos fazer por sua empresa!&#8221; fbutton=&#8221;url:http%3A%2F%2Fconfier.com.br%2Fsite%2Fcontato%2F|title:Entre%20em%20contato||&#8221; fb_color=&#8221;#ffffff&#8221;][insuranced_slider_item slide_style=&#8221;modern&#8221; slide_icon_type=&#8221;sticon&#8221; sticon=&#8221;icons8-add-database&#8221; image=&#8221;3800&#8243; ficon=&#8221;fa fa-tags&#8221; title=&#8221;Produtos por Ramos de Seguros&#8221;][insuranced_slider_item][insuranced_slider_item image=&#8221;3771&#8243;][insuranced_slider_item image=&#8221;3800&#8243;][\/insuranced_slider][\/vc_column][\/vc_row][vc_row desctop_pt=&#8221;padding-md-100t&#8221; tablets_pt=&#8221;padding-sm-50t&#8221; mobile_pt=&#8221;padding-xs-40t&#8221; css=&#8221;.vc_custom_1694649629665{margin-top: 20px !important;}&#8221;][vc_column][insuranced_title title=&#8221;Nossos Servi\u00e7os&#8221; css=&#8221;.vc_custom_1694649652426{margin-top: 50px !important;margin-bottom: 40px !important;}&#8221;][\/vc_column][\/vc_row][vc_row][vc_column width=&#8221;1\/2&#8243;][vc_empty_space][insuranced_title title_tag=&#8221;h2&#8243; title=&#8221;Benef\u00edcios&#8221;][insuranced_icon_text style=&#8221;style6&#8243; title=&#8221;Sa\u00fade&#8221; ficon=&#8221;fa fa-heartbeat&#8221;]Seguro Sa\u00fade[\/insuranced_icon_text][insuranced_icon_text style=&#8221;style6&#8243; title=&#8221;Odonto&#8221; ficon=&#8221;fa fa-smile-o&#8221;]Seguro Odontol\u00f3gico[\/insuranced_icon_text][insuranced_icon_text style=&#8221;style6&#8243; title=&#8221;MSL &#8211; Medical Stop Loss&#8221; ficon=&#8221;fa fa-plus-square&#8221;]Medical Stop Loss fornece prote\u00e7\u00e3o ao patrocinador do plano de benef\u00edcios de sa\u00fade auto-financiados.[\/insuranced_icon_text][insuranced_icon_text style=&#8221;style6&#8243; title=&#8221;VR &#8211; VALE REFEI\u00c7\u00c3O&#8221; ficon=&#8221;fa fa-cutlery&#8221;][\/insuranced_icon_text][insuranced_icon_text style=&#8221;style6&#8243; icon_type=&#8221;ticon&#8221; ticon=&#8221;icons8-shopping-cart&#8221; title=&#8221;VA &#8211; VALE ALIMENTA\u00c7\u00c3O&#8221;][\/insuranced_icon_text][insuranced_icon_text style=&#8221;style6&#8243; title=&#8221;Mobility Pass&#8221; ficon=&#8221;fa fa-car&#8221;]<\/p>\n<p>[\/insuranced_icon_text][vc_empty_space height=&#8221;64px&#8221;][insuranced_title title_tag=&#8221;h2&#8243; title=&#8221;Responsabilidade Civil&#8221;][insuranced_icon_text style=&#8221;style6&#8243; icon_type=&#8221;ticon&#8221; ticon=&#8221;icons8-user-group&#8221; title=&#8221;D&amp;O &#8211; Directors &amp; Officers &#8221; text=&#8221;Integer sodles at sen seanto dapibus. Vivus tincint urars ac enim plinar, mosie acums.&#8221; icon_color=&#8221;#5dc560&#8243;]Responsabilidade Civil dos Administradores[\/insuranced_icon_text][insuranced_icon_text style=&#8221;style6&#8243; icon_type=&#8221;ticon&#8221; ticon=&#8221;icons8-conference&#8221; title=&#8221;E&amp;O &#8211; Erros e Omiss\u00f5es&#8221; text=&#8221;Integer sodles at sen seanto dapibus. Vivus tincint urars ac enim plinar, mosie acums.&#8221; icon_color=&#8221;#5dc560&#8243;]Responsabilidade Civil Profissional[\/insuranced_icon_text][insuranced_icon_text style=&#8221;style6&#8243; icon_type=&#8221;ticon&#8221; ticon=&#8221;icons8-umbrella&#8221; title=&#8221;RCG&#8221; text=&#8221;Integer sodles at sen seanto dapibus. Vivus tincint urars ac enim plinar, mosie acums.&#8221; icon_color=&#8221;#5dc560&#8243;]Responsabilidade Civil Geral[\/insuranced_icon_text][insuranced_icon_text style=&#8221;style6&#8243; icon_type=&#8221;ticon&#8221; ticon=&#8221;icons8-globe-earth&#8221; title=&#8221;RC Ambiental&#8221; text=&#8221;Integer sodles at sen seanto dapibus. Vivus tincint urars ac enim plinar, mosie acums.&#8221; icon_color=&#8221;#5dc560&#8243;]Responsabilidade Civil Ambiental[\/insuranced_icon_text][insuranced_icon_text style=&#8221;style6&#8243; icon_type=&#8221;ticon&#8221; ticon=&#8221;icons8-business&#8221; title=&#8221;RCOP&#8221; text=&#8221;Integer sodles at sen seanto dapibus. Vivus tincint urars ac enim plinar, mosie acums.&#8221; icon_color=&#8221;#5dc560&#8243;]Responsabilidade Civil Operacional[\/insuranced_icon_text][insuranced_icon_text style=&#8221;style6&#8243; icon_type=&#8221;ticon&#8221; ticon=&#8221;icons8-conference-call&#8221; title=&#8221;RC Eventos&#8221; text=&#8221;Integer sodles at sen seanto dapibus. Vivus tincint urars ac enim plinar, mosie acums.&#8221; icon_color=&#8221;#5dc560&#8243;]Responsabilidade Civil de Eventos[\/insuranced_icon_text][vc_empty_space height=&#8221;64px&#8221;][insuranced_title title_tag=&#8221;h2&#8243; title=&#8221;Vida&#8221;][insuranced_icon_text style=&#8221;style6&#8243; title=&#8221;Vida em Grupo&#8221; text=&#8221;Integer sodles at sen seanto dapibus. Vivus tincint urars ac enim plinar, mosie acums.&#8221; icon_color=&#8221;#5dc560&#8243; ficon=&#8221;fa fa-venus-mars&#8221;]Seguro de Vida em Grupo[\/insuranced_icon_text][insuranced_icon_text style=&#8221;style6&#8243; icon_type=&#8221;ticon&#8221; ticon=&#8221;icons8-sell-property&#8221; title=&#8221;Terc. Risco de Morte e Invalidez&#8221; text=&#8221;Integer sodles at sen seanto dapibus. Vivus tincint urars ac enim plinar, mosie acums.&#8221; icon_color=&#8221;#5dc560&#8243;]Terceiriza\u00e7\u00e3o de Risco de Morte e Invalidez para EFPC[\/insuranced_icon_text][insuranced_icon_text style=&#8221;style6&#8243; title=&#8221;Acidentes Pessoais&#8221; text=&#8221;Integer sodles at sen seanto dapibus. Vivus tincint urars ac enim plinar, mosie acums.&#8221; icon_color=&#8221;#5dc560&#8243; ficon=&#8221;fa fa-medkit&#8221;]Seguro de Acidentes Pessoais[\/insuranced_icon_text][insuranced_icon_text style=&#8221;style6&#8243; title=&#8221;Sucess\u00e3o Empresarial&#8221; text=&#8221;Integer sodles at sen seanto dapibus. Vivus tincint urars ac enim plinar, mosie acums.&#8221; icon_color=&#8221;#5dc560&#8243; ficon=&#8221;fa fa-industry&#8221;][\/insuranced_icon_text][insuranced_icon_text style=&#8221;style6&#8243; title=&#8221;Educacional&#8221; text=&#8221;Integer sodles at sen seanto dapibus. Vivus tincint urars ac enim plinar, mosie acums.&#8221; icon_color=&#8221;#5dc560&#8243; ficon=&#8221;fa fa-graduation-cap&#8221;][\/insuranced_icon_text][insuranced_icon_text style=&#8221;style6&#8243; title=&#8221;Prestamista&#8221; text=&#8221;Integer sodles at sen seanto dapibus. Vivus tincint urars ac enim plinar, mosie acums.&#8221; icon_color=&#8221;#5dc560&#8243; ficon=&#8221;fa fa-money&#8221;][\/insuranced_icon_text][insuranced_icon_text style=&#8221;style6&#8243; title=&#8221;Longevidade&#8221; text=&#8221;Integer sodles at sen seanto dapibus. Vivus tincint urars ac enim plinar, mosie acums.&#8221; icon_color=&#8221;#5dc560&#8243; ficon=&#8221;fa fa-globe&#8221;][\/insuranced_icon_text][\/vc_column][vc_column width=&#8221;1\/2&#8243;][vc_empty_space][insuranced_title title_tag=&#8221;h2&#8243; title=&#8221;Elementares&#8221;][insuranced_icon_text style=&#8221;style6&#8243; icon_type=&#8221;ticon&#8221; ticon=&#8221;icons8-car&#8221; title=&#8221;Frota \/ Auto&#8221;]Seguro Autom\u00f3vel e Frota[\/insuranced_icon_text][insuranced_icon_text style=&#8221;style6&#8243; title=&#8221;Risco Diversos Equipamentos &#8211; RD&#8221; ficon=&#8221;fa fa-th-large&#8221;][\/insuranced_icon_text][insuranced_icon_text style=&#8221;style6&#8243; title=&#8221;Risco Engenharia&#8221; ficon=&#8221;fa fa-wrench&#8221;][\/insuranced_icon_text][insuranced_icon_text style=&#8221;style6&#8243; title=&#8221; Patrimonial&#8221; ficon=&#8221;fa fa-home&#8221;]Seguro Patrimonial[\/insuranced_icon_text][insuranced_icon_text style=&#8221;style6&#8243; title=&#8221;Aerona\u00fatico&#8221; ficon=&#8221;fa fa-plane&#8221;]Seguro Aerona\u00fatico[\/insuranced_icon_text][insuranced_icon_text style=&#8221;style6&#8243; title=&#8221;Seguro Garantia&#8221; ficon=&#8221;fa fa-building&#8221;][\/insuranced_icon_text][insuranced_icon_text style=&#8221;style6&#8243; title=&#8221;Seguro Viagem Internacional&#8221; ficon=&#8221;fa fa-suitcase&#8221;][\/insuranced_icon_text][vc_empty_space height=&#8221;64px&#8221;][insuranced_title title_tag=&#8221;h2&#8243; title=&#8221;Transportes&#8221;][insuranced_icon_text style=&#8221;style6&#8243; icon_type=&#8221;ticon&#8221; ticon=&#8221;icons8-shipped&#8221; title=&#8221;RCTRC&#8221; text=&#8221;Integer sodles at sen seanto dapibus. Vivus tincint urars ac enim plinar, mosie acums.&#8221; icon_color=&#8221;#5dc560&#8243;]Responsabilidade Civil do\u00a0Transportador Rodovi\u00e1rio de Carga[\/insuranced_icon_text][insuranced_icon_text style=&#8221;style6&#8243; title=&#8221;RCF-DC&#8221; text=&#8221;Integer sodles at sen seanto dapibus. Vivus tincint urars ac enim plinar, mosie acums.&#8221; icon_color=&#8221;#5dc560&#8243; ficon=&#8221;fa fa-truck&#8221;]Responsabilidade Civil Facultativa do Desaparecimento de Carga[\/insuranced_icon_text][insuranced_icon_text style=&#8221;style6&#8243; title=&#8221;RCTAC&#8221; text=&#8221;Integer sodles at sen seanto dapibus. Vivus tincint urars ac enim plinar, mosie acums.&#8221; icon_color=&#8221;#5dc560&#8243; ficon=&#8221;fa fa-plane&#8221;]Responsabilidade Civil do Transportador A\u00e9reo de Carga[\/insuranced_icon_text][insuranced_icon_text style=&#8221;style6&#8243; title=&#8221;RCTR-VI&#8221; text=&#8221;Integer sodles at sen seanto dapibus. Vivus tincint urars ac enim plinar, mosie acums.&#8221; icon_color=&#8221;#5dc560&#8243; ficon=&#8221;fa fa-archive&#8221;]Responsabilidade Civil do Transportador Rodovi\u00e1rio de Viagem Internacional[\/insuranced_icon_text][insuranced_icon_text style=&#8221;style6&#8243; title=&#8221;TN &#8211; Transporte Nacional&#8221; text=&#8221;Integer sodles at sen seanto dapibus. Vivus tincint urars ac enim plinar, mosie acums.&#8221; icon_color=&#8221;#5dc560&#8243; ficon=&#8221;fa fa-bus&#8221;]Transporte Nacional de Cargas[\/insuranced_icon_text][insuranced_icon_text style=&#8221;style6&#8243; title=&#8221;TI &#8211; Transporte Internacional&#8221; text=&#8221;Integer sodles at sen seanto dapibus. Vivus tincint urars ac enim plinar, mosie acums.&#8221; icon_color=&#8221;#5dc560&#8243; ficon=&#8221;fa fa-ship&#8221;]Transporte Internacional Exporta\u00e7\u00e3o e Importa\u00e7\u00e3o[\/insuranced_icon_text][vc_empty_space height=&#8221;64px&#8221;][insuranced_title title_tag=&#8221;h2&#8243; title=&#8221;Agr\u00edcola&#8221;][insuranced_icon_text style=&#8221;style6&#8243; icon_type=&#8221;ticon&#8221; ticon=&#8221;icons8-palm&#8221; title=&#8221;Seguro Agr\u00edcola&#8221;][\/insuranced_icon_text][\/vc_column][\/vc_row][vc_row full_width=&#8221;stretch_row_content_no_spaces&#8221;][vc_column][vc_empty_space][insuranced_banner align=&#8221;left&#8221; style=&#8221;style2&#8243; a_icon=&#8221;icons8-phone&#8221; image=&#8221;2020&#8243; title=&#8221;Confier Seguros Corporativos&#8221; text=&#8221;Integer mattis, orci id laoreet vulputate, urna diam gravida elit, sit amet scelerisque orci dolor id risus. Cras ullamcorper lacus sapien. Vivamus ante magna, congue quis semper quis, ullami&#8221; button=&#8221;url:http%3A%2F%2Fconfier.com.br%2Fsite%2Fcontato%2F|title:Agende%20uma%20visita|target:%20_blank|&#8221; button_color=&#8221;#5dc560&#8243; h_color=&#8221;rgba(93,197,96,0.48)&#8221; a_title=&#8221;WhatsApp &#8221; a_link=&#8221;https:\/\/api.whatsapp.com\/send?l=pt&#038;phone=5561992066647&#8243; css=&#8221;.vc_custom_1694649812974{margin-top: 50px !important;}&#8221;]Consulte-nos e conhe\u00e7a as exposi\u00e7\u00f5es de risco de\u00a0seu neg\u00f3cio?[\/insuranced_banner][\/vc_column][\/vc_row][vc_row desctop_pt=&#8221;padding-md-65t&#8221; tablets_pt=&#8221;padding-sm-50t&#8221; mobile_pt=&#8221;padding-xs-40t&#8221; css=&#8221;.vc_custom_1694649840421{margin-top: 50px !important;}&#8221;][vc_column][insuranced_title title=&#8221;Mundo dos Seguros &#8211; Not\u00edcias&#8221;][\/vc_column][\/vc_row][vc_row][vc_column][insuranced_blog limit=&#8221;3&#8243;][\/vc_column][\/vc_row]<\/p>\n","protected":false},"excerpt":{"rendered":"<p>[vc_row full_width=&#8221;stretch_row_content_no_spaces&#8221;][vc_column][insuranced_slider navigation=&#8221;disable&#8221; css=&#8221;.vc_custom_1493771555805{background-color: rgba(255,255,255,0.84) !important;background-position: center !important;background-repeat: no-repeat !important;background-size: cover !important;*background-color: rgb(255,255,255) !important;}&#8221;][insuranced_slider_item slide_style=&#8221;modern&#8221; slide_icon_type=&#8221;sticon&#8221; sticon=&#8221;icons8-idea&#8221; fbutton_show=&#8221;show&#8221; fb_arrow=&#8221;show&#8221; title=&#8221;Seguros Corporativos&#8221; text=&#8221;A Confier \u00e9 uma corretora especializada em gerenciamento de riscos e administra\u00e7\u00e3o de seguros para empresas.&#8221; image=&#8221;3580&#8243; tip=&#8221;Veja o que podemos fazer por sua empresa!&#8221; fbutton=&#8221;url:http%3A%2F%2Fconfier.com.br%2Fsite%2Fcontato%2F|title:Entre%20em%20contato||&#8221; fb_color=&#8221;#ffffff&#8221;][insuranced_slider_item slide_style=&#8221;modern&#8221; slide_icon_type=&#8221;sticon&#8221; sticon=&#8221;icons8-add-database&#8221; image=&#8221;3800&#8243; ficon=&#8221;fa fa-tags&#8221; title=&#8221;Produtos [&hellip;]<\/p>\n","protected":false},"author":1,"featured_media":0,"parent":0,"menu_order":0,"comment_status":"closed","ping_status":"closed","template":"","meta":{"footnotes":""},"aioseo_notices":[],"_links":{"self":[{"href":"https:\/\/confier.com.br\/site\/wp-json\/wp\/v2\/pages\/121"}],"collection":[{"href":"https:\/\/confier.com.br\/site\/wp-json\/wp\/v2\/pages"}],"about":[{"href":"https:\/\/confier.com.br\/site\/wp-json\/wp\/v2\/types\/page"}],"author":[{"embeddable":true,"href":"https:\/\/confier.com.br\/site\/wp-json\/wp\/v2\/users\/1"}],"replies":[{"embeddable":true,"href":"https:\/\/confier.com.br\/site\/wp-json\/wp\/v2\/comments?post=121"}],"version-history":[{"count":79,"href":"https:\/\/confier.com.br\/site\/wp-json\/wp\/v2\/pages\/121\/revisions"}],"predecessor-version":[{"id":3956,"href":"https:\/\/confier.com.br\/site\/wp-json\/wp\/v2\/pages\/121\/revisions\/3956"}],"wp:attachment":[{"href":"https:\/\/confier.com.br\/site\/wp-json\/wp\/v2\/media?parent=121"}],"curies":[{"name":"wp","href":"https:\/\/api.w.org\/{rel}","templated":true}]}}